+ 3 + 4*o - 6*o**3. Give m(2).
-3
Let w(y) = -2*y + 2538 + 4*y - 2537. Let p(f) = -11*f - 28. Let i be p(-2). What is w(i)?
-11
Let w(z) be the first derivative of -12*z**2 + z + 18. What is w(1)?
-23
Let j(v) be the first derivative of -v**4/4 + 4*v**3/3 - 11*v**2/2 + 15*v + 3607. What is j(2)?
1
Let b(f) = f**2 + 7*f - 8. Let d be b(-10). Let a(x) = -22*x - 4*x**3 + 4*x + 3 - 1 - d + 15*x**2 + 5*x**3. Determine a(-16).
12
Let j = -10841 - -10861. Let s(x) = x**3 - 20*x**2 + x + 8. Give s(j).
28
Let s(c) be the first derivative of -c**3/3 + c**2/2 + 8*c + 373. Calculate s(-4).
-12
Suppose -q = -0*x + x - 7, -3*x + 5 = -q. Let k(g) = -g + 5. Let v be k(-3). Let d(r) = 8 + r**2 - x*r - r - 5 + v*r. What is d(-2)?
-1
Let s(g) be the third derivative of g**6/120 - 41*g**5/60 + 3*g**3/2 + 3711*g**2. What is s(41)?
9
Let o(u) = u**3 + 12*u**2 + 14*u + 25. Let t be 3*12/(-54) + (-93)/9. Determine o(t).
-8
Let i(t) be the third derivative of -t**4/24 + 7*t**3/2 + 10*t**2 + 42*t. Suppose -12*z + 64 = -56. Give i(z).
11
Let t(x) = -2*x**2 + 20*x + 19. Let f(k) = k**2 - 9*k - 9. Let m(y) = 13*f(y) + 6*t(y). Suppose 0 = -p - 3*n + 2, -3*p - 6 = -2*p - n. What is m(p)?
1
Let g be ((-3)/4*18/(-27))/((-29)/(-174)). Let m(w) be the third derivative of 0 - 3/2*w**g + 1/60*w**5 - 1/4*w**4 + 0*w + 4*w**2. Calculate m(9).
18
Let t(g) = 4*g**3 - 2*g**2 - 29*g - 27. Let v(f) = 4*f**3 - 3*f**2 - 30*f - 27. Let c(l) = -3*t(l) + 2*v(l). Determine c(-1).
4
Let j(v) = 18*v + 24*v - 12 - 2*v - 4*v. Let n(y) = 29*y - 11. Let o(g) = 6*j(g) - 7*n(g). Determine o(-2).
-21
Let j(x) = 81*x - 3. Let h(z) = -97*z + 4. Let i(q) = -5*h(q) - 6*j(q). Determine i(-9).
7
Let m(t) = t**2 + 7*t - 10. Let x(h) = -17*h + 126. Let d be x(8). Let r be (d - 64/(-8))*(1 + 3). What is m(r)?
-2
Let l(u) = 44*u**3 - u**2 - u. Suppose -74*y + 26 = 100. Give l(y).
-44
Let z(r) = r**3 + 20*r**2 - 260*r + 24. Let l be z(-29). Let n(b) = -3*b**2 - 10*b + 33. What is n(l)?
8
Let u(q) = -2*q**2 + 19 + q**2 + 21*q - 10*q + 0*q**2 - 16. Give u(10).
13
Let i(s) = -3*s**2 + 4*s - 22. Let m(o) = 11*o**2 - 12*o + 65. Let q(c) = -7*i(c) - 2*m(c). Determine q(-6).
12
Let w(s) = s**2 - 2*s - 45. Let d be w(-6). Let f = d + -11. Let v(o) = 2*o + 12. Determine v(f).
-4
Suppose -4*j = -f - 1, 4 = 44*f - 48*f - 5*j. Let h be f*4/18 - (-1333)/(-279). Let u(a) = -a - 1. What is u(h)?
4
Let s be 7 - 2 - (-8 + 13). Let p be 10 - (s + -2*(-1 - -3)). Let f(r) = p*r - 1 + 12*r + 15*r - 47*r. Calculate f(-3).
17
Let n(s) be the first derivative of s**4 + s**3/3 - s + 28600. Let a be (0 - (-2)/4)*-2. What is n(a)?
-4
Let a(q) = -7*q**2 + 5 + 3*q**2 + 9*q - 5*q - 4 - q**3. Let c(h) = 108*h + 4423. Let z be c(-41). Determine a(z).
6
Let k(f) = -4*f - 8. Let s(i) = -i**2 - 116*i + 9407. Let j be s(55). Determine k(j).
-16
Let y(c) be the third derivative of 7*c**4/12 + c**3/3 - 2*c**2 - 1695. Calculate y(5).
72
Let k(v) = -77*v + 38. Let o be k(-2). Suppose -196 + o = p. Let x(g) = g**3 + 2*g**2 - 6*g - 1. Calculate x(p).
-9
Let w(p) = -6 + 57*p**2 + 17519*p - 56*p**2 - 17518*p. What is w(-10)?
84
Suppose 8 - 5 = a. Suppose -6*m + 3*m - 15 = 0, -a*m = -h + 18. Let y(p) = -11*p + 6*p + 5*p + 3*p - h. Determine y(-5).
-18
Let h(a) = a**3 - 11*a**2 - 9*a + 8. Let m = 6996 - 6984. Determine h(m).
44
Let x(p) = p**2 + 12*p + 22. Let r be x(-10). Let j(m) = 7*m**r + m**3 + 16*m**2 + 8 + 10*m - 15*m**2. What is j(-7)?
-13
Let s(k) = k**3 + k**2 - 4*k + 2. Let x be (6/(-2))/(12/(-40)). Let g be (-6)/4 - -1*(-25)/x. Determine s(g).
-30
Let q(y) = 4*y + 0*y + 1 + y - 4*y. Let i = -138 - -378. Suppose -21*a - 19*a - i = 0. Calculate q(a).
-5
Let k(d) be the second derivative of d**6/360 + 9*d**5/40 + d**4/12 + 7*d**3 + 113*d. Let f(o) be the third derivative of k(o). Calculate f(-11).
5
Suppose -q - 20 = 4*q - t, 0 = 5*q - 2*t + 15. Let x(s) = 218341*s**3 + 4 + 0*s**2 + 6*s**2 - 218340*s**3 + 6*s. Calculate x(q).
-1
Suppose -5*b + 10 = -2*z, -162*b + 2 = -2*z - 161*b. Let d(t) = 3*t**3 + t**2 - t + 36. Calculate d(z).
36
Suppose 100*g + 7 = 7. Let z(r) be the third derivative of 0 + 0*r**4 + 8*r**2 + 0*r**3 + g*r - 1/12*r**5. Give z(-1).
-5
Let z(d) be the third derivative of -d**6/120 + 2*d**5/15 - 11*d**4/24 + 5*d**3/6 - 16*d**2 + 32. What is z(5)?
25
Suppose 5*l + 25 = -2*g, 0 = 10*l - 5*l + 25. Let j(s) = 18*s + 2 + g - 4 - 19*s. What is j(0)?
-2
Let q(m) = -3*m - 2. Let l be q(0). Let y be (-7 - -10)*l/(-6). Let x(a) = -22*a**2 + 1. Give x(y).
-21
Let n(r) = -2*r**2 - r - 2. Suppose k = -4*j - 1, 0*j - 4*j = 0. Let t be n(k). Let b be (-3 - t)/(-4 - -3). Let h(q) = -q**3 + q + 7. What is h(b)?
7
Let h(c) = -4*c**2 + 31*c - 29. Let v be h(5). Let f(a) = 0*a + v*a - 18*a. Calculate f(-3).
-24
Suppose 19 = -3*s + 4*z, 29 = -5*s + 5*z - 1. Let p(x) = x**2 + 3*x - 3. Let f be p(s). Let h(d) = -5 - 2 - 2*d + 17 + 7*d**2 - d**3. What is h(f)?
-4
Suppose 0 = 349*v + 52*v + 2488 - 82. Let t(b) = 13*b + 55. Determine t(v).
-23
Let g be 2/4*0/(-14). Let y be (g + 1)/(-2) + (-22)/(-4). Suppose -3*o - 5*q + 5 + 2 = 0, -q = y*o - 19. Let i(j) = -j**3 + 4*j**2 - 3*j + 6. Give i(o).
-6
Let a be (2 + 5/(50/(-18)))/((-45)/1125). Let z(w) be the third derivative of 0*w**4 + 4*w**2 + 0*w + w**3 - 1/120*w**6 + 0 - 1/12*w**5. Give z(a).
6
Let z(a) = -6*a**2 + 96*a - 5. Let f(g) = 7*g**2 - 208*g + 11. Let w(l) = 6*f(l) + 13*z(l). Suppose 0*t = -4*t - 4. Give w(t).
-35
Let f(y) = y + 2. Let u be (10/20)/(3/162). Suppose 0 = 16*g - u*g - 44. What is f(g)?
-2
Suppose -20 = -3*t - 2*t. Let x(l) = 42 + 45 + 0*l + 35 - 126 + l. Determine x(t).
0
Let k = -320 - -320. Suppose k = -4*o - 6 - 2. Let g(d) = -4*d**2 - 4*d - 2. Determine g(o).
-10
Let p = 161 - 111. Suppose p = 4*z + 38. Suppose -z = 15*j - 3. Let u(w) = -w**3 + w**2 + 11. Give u(j).
11
Suppose 0 = 5*k - 25, -602 = -5*g - 3*k - 167. Let r = -82 + g. Suppose r*n = -2 - 6. Let t(v) = v**3 + 2*v**2 - 5*v + 1. Calculate t(n).
-11
Suppose 1094 + 131 = -5*v. Let w = -239 - v. Let d(r) = -r**3 + 5*r**2 + 7*r - 6. What is d(w)?
0
Let i(r) = 8*r - 37*r**2 - 3 - 20*r + 17*r**2 + 21*r**2 + 18. Give i(2).
-5
Let i be ((-12)/(-9))/(2 - 2/3). Let f(t) = 3*t - 2. Let v(x) = -10*x + 8. Let p(l) = -9*f(l) - 2*v(l). Give p(i).
-5
Let i(f) = f**2 + 4*f + 3. Let c(l) = -l**2 + 32*l - 22. Let q be c(15). Let x = q + -239. Calculate i(x).
15
Let l(r) be the second derivative of -4*r**3/3 - 57*r**2 - 9*r + 34. Determine l(-14).
-2
Let f(s) = 31 - 95 + 31 - 2*s + 35 - s. Determine f(2).
-4
Let o(b) = 73*b**2 + 6644*b + 96. Let y be o(-91). Let s(d) = -d**3 + 6*d**2 - 9*d + 25. Determine s(y).
5
Let a(y) = y**3 - 7*y**2 + 3*y + 3. Let g(c) = 52*c - 1034. Let p be g(20). Determine a(p).
-15
Suppose c = 2*b + b - 11, 0 = -4*c - 2*b + 26. Let t(w) = 148*w - 286*w + 139*w - 1. Calculate t(c).
3
Suppose -4*d = -8, 3*a - 2*a - d - 3 = 0. Let y(s) = 10*s**2 - 3*s + 11. Let v(n) = -3*n**2 + n - 2. Let f(q) = -3*v(q) - y(q). Give f(a).
-30
Let u(t) = t**3 - 27*t**2 - 26*t - 38. Let r be u(28). Let p(n) = 12 - n**2 + 10*n + r*n - 50*n + 10*n. Determine p(-13).
-1
Let x(y) = 5*y**2 + y - 7. Let l be x(2). Suppose -29 + 164 = -l*o. Let r(a) = a**2 + 8*a - 10. Calculate r(o).
-1
Let r(q) = -q**2 + q - 1. Let t(o) = 5*o**2 - 13*o - 15. Let d(z) = 4*r(z) + t(z). Suppose 225*u + 57 = 222*u, 5*x - 4*u = 141. Determine d(x).
33
Suppose 226 = -119*d + 7*d + 1682. Let p(y) = 12*y - 142. Calculate p(d).
14
Let s = 12 + -19. Let i be 3/s - 72/126. Let c(g) be the third derivative of -g**6/15 + g**4/24 + 3*g**2. Calculate c(i).
7
Let c(r) = 10*r**3 - 3*r**2 - 74*r + 41. Let s(a) = 7*a**3 - 4*a**2 - 53*a + 42. Let h(v) = 2*c(v) - 3*s(v). Determine h(5).
36
Let q(j) = -4*j**2 + 6*j - 7. Let m(n) = -n**2 - 1. Let p(i) = 5*m(i) - q(i). Let u(s) = 10*s**3 - 17*s**2 - 19*s - 1. Let h be u(-1). Determine p(h).
-25
Let f(l) = 4*l + 3 - 3*l - 2*l + 2*l. Let n be (-6)/7 - (-256)/(-224). Calculate f(n).
1
Let f(i) be the third derivative of -i**5/60 - 5*i**4/12 - 37*i**3/6 + 2*i**2 + 7*i - 1. Determine f(-15).
-112
Let z(p) = 28*p**2 + 21*p - 6. Let u(t) = 25*t**2 + 19*t - 5. Let k(w) = -5*u(w) + 4*z(w). Determine k(-1).
-1
Let x be ((-5)/3)/((-6)/36). Let d(y) = 10*y - 24*y**2 - 4 + 5 + 23*y**2 + 5. Determine d(x).
6
Let r(i) = 3 - 4*i**2 - i**3 + 1 + 